 the highest common factor of 6394 and 9890.
46
Calculate the greatest common divisor of 575406 and 234.
234
Calculate the greatest common divisor of 96 and 201840.
48
Calculate the highest common divisor of 518 and 373212.
14
Calculate the greatest common factor of 58006 and 52.
26
Calculate the greatest common divisor of 28470 and 910.
130
Calculate the greatest common divisor of 56 and 374388.
28
What is the greatest common factor of 1505 and 315?
35
Calculate the greatest common factor of 3144 and 9163188.
1572
Calculate the greatest common factor of 1542 and 873286.
514
What is the highest common factor of 45 and 166095?
45
Calculate the greatest common divisor of 42 and 104552.
14
Calculate the highest common factor of 245 and 155.
5
Calculate the greatest common divisor of 218396 and 4614.
1538
Calculate the greatest common divisor of 15663 and 897.
69
Calculate the highest common factor of 15700 and 500.
100
Calculate the highest common divisor of 703 and 16021.
37
Calculate the greatest common factor of 140802 and 186.
186
What is the greatest common factor of 98 and 3830477?
49
What is the highest common divisor of 5106 and 592?
74
Calculate the greatest common divisor of 23411 and 2284.
571
What is the highest common factor of 29267 and 518?
259
Calculate the highest common divisor of 61924 and 12.
4
What is the highest common divisor of 50145 and 15?
15
What is the greatest common factor of 402 and 201?
201
Calculate the highest common factor of 3057517 and 106.
53
Calculate the greatest common factor of 5 and 22160.
5
What is the greatest common divisor of 29176 and 224?
56
Calculate the greatest common divisor of 3780 and 350.
70
Calculate the highest common factor of 28206 and 126.
18
What is the greatest common divisor of 584 and 1346996?
292
Calculate the highest common divisor of 4500 and 285.
15
Calculate the greatest common divisor of 7152 and 204.
12
What is the highest common divisor of 3507 and 1551263?
1169
Calculate the greatest common factor of 22105 and 10.
5
What is the greatest common divisor of 741 and 159?
3
What is the greatest common factor of 1903001 and 335?
67
Calculate the greatest common divisor of 1386 and 3476.
22
What is the highest common factor of 1169042 and 196?
98
What is the highest common factor of 3216 and 17286?
402
What is the greatest common divisor of 12853368 and 528?
264
What is the highest common factor of 10980 and 4140?
180
Calculate the highest common divisor of 83745 and 120.
15
Calculate the highest common factor of 300054 and 1118.
86
What is the highest common factor of 403524 and 297?
99
Calculate the highest common divisor of 179 and 67.
1
What is the highest common factor of 296436 and 3108?
84
What is the greatest common divisor of 25504 and 736?
32
Calculate the greatest common divisor of 2 and 1977.
1
Calculate the highest common factor of 76 and 36727.
19
Calculate the greatest common factor of 44394 and 1764.
294
Calculate the highest common factor of 38 and 289769.
19
Calculate the greatest common divisor of 34 and 6620242.
34
Calculate the highest common factor of 940960 and 200.
40
Calculate the highest common divisor of 176 and 5504.
16
What is the greatest common factor of 1887 and 25449?
51
What is the greatest common factor of 1236 and 80031?
309
What is the greatest common factor of 10804 and 296?
148
What is the greatest common divisor of 2870 and 10990?
70
What is the greatest common divisor of 375482 and 394?
394
Calculate the highest common factor of 40176 and 30024.
216
What is the greatest common factor of 11337519 and 618?
309
What is the greatest common factor of 204 and 9010?
34
Calculate the highest common divisor of 357 and 68313.
21
Calculate the highest common factor of 272 and 3399524.
68
What is the greatest common divisor of 4696 and 270607?
587
What is the greatest common divisor of 1055184 and 57?
57
Calculate the greatest common factor of 614264 and 35.
7
What is the highest common factor of 211 and 1337107?
211
Calculate the highest common factor of 8656 and 28.
4
What is the greatest common divisor of 11167 and 8203?
13
Calculate the greatest common divisor of 20376 and 64.
8
Calculate the highest common divisor of 567 and 41601.
21
Calculate the greatest common factor of 2055 and 174264.
411
Calculate the highest common factor of 856 and 1412186.
214
What is the highest common factor of 278 and 306634?
278
What is the greatest common divisor of 4318 and 1258?
34
What is the greatest common divisor of 27 and 183093?
3
Calculate the highest common divisor of 704 and 159632.
176
Calculate the highest common factor of 57 and 1350615.
57
Calculate the highest common divisor of 45 and 1243125.
45
Calculate the highest common divisor of 1 and 31237.
1
Calculate the greatest common divisor of 2826 and 16642.
314
What is the greatest common factor of 20 and 790430?
10
What is the greatest common factor of 56323 and 1865?
373
Calculate the greatest common factor of 10387 and 75582.
221
Calculate the greatest common divisor of 189914 and 4236.
706
Calculate the greatest common divisor of 1419 and 9801.
33
What is the highest common factor of 19569 and 32769?
33
What is the highest common divisor of 7327 and 136?
17
What is the highest common divisor of 54770 and 30?
10
What is the highest common factor of 32 and 43024?
16
Calculate the highest common factor of 275172 and 6.
6
Calculate the highest common factor of 194590 and 116.
58
What is the greatest common factor of 392125 and 125?
125
What is the greatest common divisor of 392063 and 21?
7
What is the highest common factor of 79092 and 9?
9
Calculate the highest common divisor of 128 and 24112.
16
What is the highest common factor of 2 and 107848?
2
Calculate the greatest common divisor of 128366 and 35616.
742
Calculate the highest common divisor of 616 and 576268.
308
Calculate the highest common divisor of 465828 and 198.
66
Calculate the highest common divisor of 5198 and 30962.
226
Calculate the highest common divisor of 18054 and 612.
306
What is the highest common factor of 512028 and 33?
33
Calculate the greatest common factor of 485 and 42971.
97
Calculate the highest common factor of 11798 and 34.
34
What is the greatest common divisor of 47554 and 527?
31
Calculate the highest common factor of 17 and 42.
1
What is the greatest common factor of 67260 and 2850?
570
Calculate the highest common factor of 208964 and 306.
34
Calculate the greatest common factor of 2542 and 6273.
41
What is the greatest common factor of 111440 and 8960?
560
What is the greatest common divisor of 83554 and 2?
2
What is the highest common factor of 67331 and 77?
11
What is the greatest common divisor of 6650 and 5530?
70
What is the greatest common factor of 13025 and 25?
25
What is the highest common divisor of 1499703 and 10233?
1137
Calculate the highest common factor of 286268 and 649.
59
What is the highest common divisor of 21 and 5878971?
21
What is the highest common divisor of 211560 and 150?
30
What is the highest common factor of 443150 and 430?
10
Calculate the greatest common divisor of 1436 and 508.
4
Calculate the highest common divisor of 48 and 3702.
6
What is the greatest common divisor of 1875 and 30?
15
Calculate the greatest common factor of 9022 and 39.
13
What is the highest common divisor of 1005 and 39330?
15
Calculate the greatest common factor of 69 and 29230677.
69
Calculate the greatest common factor of 4223286 and 18.
18
What is the greatest common divisor of 2052 and 4?
4
Calculate the highest common divisor of 203 and 3458.
7
Calculate the greatest common factor of 3931002 and 3.
3
What is the highest common divisor of 10972 and 221?
13
What is the greatest common divisor of 1116288 and 24?
24
What is the highest common factor of 234 and 945900?
18
Calculate the highest common factor of 32782 and 7974.
886
What is the highest common factor of 3660 and 2013?
183
Calculate the highest common divisor of 1341 and 150639.
447
Calculate the greatest common factor of 19025 and 185.
5
What is the greatest common factor of 37634 and 12772?
62
What is the greatest common factor of 3976620 and 4011?
573
What is the highest common divisor of 85 and 3441395?
85
What is the greatest common d